 0. Let i(j) = -j**3 - 10*j**2 - j - 2. What are the prime factors of i(q)?
2
Let d(a) = -12*a - 12. Let h(y) = -y - 1. Let v(u) = 6*d(u) - 68*h(u). Let b = -15 - -10. What are the prime factors of v(b)?
2
Suppose 0 = 3*z + 2*z - 55. Suppose 0 = 3*r - 2*r - z. List the prime factors of r.
11
Let w(y) = 3*y**3 - 4*y**2 - 11*y + 21. What are the prime factors of w(4)?
3, 5, 7
Let n(f) = -6*f - 1. Let u be n(-1). Suppose -u*r + 23 = b, 3*r + 3*b = 13 - 4. List the prime factors of r.
5
What are the prime factors of (-4 - 74/4)/((-6)/16)?
2, 3, 5
Suppose -60 = 9*p - 12*p. List the prime factors of p.
2, 5
Let q = -16 + -14. Let x(n) = -2*n + 12. Let o be x(11). What are the prime factors of (8/o)/(4/q)?
2, 3
Suppose 0 = s + 3 - 8. Suppose 23 = -k - s*q, k - 3*q = -k + 19. Suppose 1 - 17 = -3*z - k*c, -3*c = 12. List the prime factors of z.
2
Let t(s) be the first derivative of -s**4/4 - s**3/3 + s**2/2 + 34*s - 6. What are the prime factors of t(0)?
2, 17
Let s = 8 + -18. List the prime factors of (-1)/(-1) - 150/s.
2
Let n(m) = 15*m**3 + 2*m**2 - 1. Let h be n(1). Let b be (-3)/((-3)/(-9) - 0). Let p = h + b. List the prime factors of p.
7
Let f be 33 + 0/(-3) - 0. Suppose -2*l - f = -5*l. Let m = 23 - l. What are the prime factors of m?
2, 3
Let r(n) = -2 - 3 + 4*n + n**2 + 3*n + 2. What are the prime factors of r(-9)?
3, 5
List the prime factors of -3 + 104/12 + 2/6.
2, 3
Suppose -4*x + 10 = 2. Let k = x + -3. List the prime factors of k/(1/(-4)) + 1.
5
Let g(y) = -2*y - 6. Let b be g(-4). Let r = 6 - b. Suppose -r*o + 22 = -6. List the prime factors of o.
7
Suppose 3*j = 2*j. Let d(p) = p + 9. List the prime factors of d(j).
3
Let c = -6 - -11. Suppose w + 0*k + k = 17, 3*w = -c*k + 61. What are the prime factors of w?
2, 3
Let u = 674 + -448. What are the prime factors of u?
2, 113
Let a(l) = 2*l**3 + 5*l**2 + 5*l - 4. What are the prime factors of a(3)?
2, 5, 11
Let c(t) = -t**3 - 9*t**2 + 6*t - 12. What are the prime factors of c(-10)?
2, 7
Suppose i = -7 - 1. Let f = -3 - i. What are the prime factors of f/(30/27)*2?
3
Suppose -20 = 4*n - 9*n. Suppose c + 31 = 2*c - 4*l, 4*l = -3*c + 45. Suppose -4*q = -t - 67 + c, 0 = -n*q - 3*t + 48. What are the prime factors of q?
2, 3
Suppose -4*m - 8 = 60. Let u = m + 53. What are the prime factors of u?
2, 3
List the prime factors of 31 + -6 + 2 + 1.
2, 7
Suppose -3*q + 2*a = 7, 2*q + 0*q + 4*a = -26. What are the prime factors of -3*(200/6)/q?
2, 5
Suppose 5*o = 2*o + 21. Suppose -8 = -5*p + o. Suppose -1 - 14 = -p*a. What are the prime factors of a?
5
Let t(d) = -3*d**2 + 9*d + 0 + 2*d**2 - 5. Suppose 0 = -3*v - 0*v + 21. List the prime factors of t(v).
3
Let o(n) be the third derivative of n**6/120 + n**5/12 - 5*n**4/24 - 7*n**3/6 - n**2. Let l be o(-5). Let t = l - 10. What are the prime factors of t?
2
Let s = 6 - -6. List the prime factors of s.
2, 3
Suppose w = 2*i - 3*i + 6, 0 = 5*w - 25. List the prime factors of (i + 15/(-6))*-8.
2, 3
Let m(d) = -d**2 - 10*d + 5. Let b(f) = -2*f - 2. Let x be b(4). List the prime factors of m(x).
5
Suppose 0 = -2*n + 4, -r + n + 59 = 0. Suppose r = -4*c + 157. Suppose 2*t = -t + c. What are the prime factors of t?
2
List the prime factors of (-3)/(3*(-2)/16).
2
Let l = 287 - 168. What are the prime factors of l?
7, 17
Let d(w) be the first derivative of 3*w**2/2 + 2*w - 2. What are the prime factors of d(5)?
17
Let c = -181 + 109. Let u = 108 + c. List the prime factors of u.
2, 3
Let p(g) = -g + 4. Let j be p(2). Suppose 75 - 13 = j*z. List the prime factors of z.
31
Suppose -4*m + 48 = -4*c, 4*c + 12 = -m - 1. List the prime factors of m.
7
Let s(q) be the third derivative of 7*q**5/60 - q**4/12 + q**3/6 - 2*q**2. Let v be s(1). Let p = v + -4. What are the prime factors of p?
2
What are the prime factors of 11 + (6/(-1))/(-3)?
13
Let a(w) = -3 + 4 - w - 2. Let u be a(-2). What are the prime factors of u/(-2) - (-50)/4?
2, 3
Let v(c) = -c**3 + 4*c**2 - c - 4. Let d be v(3). Let p(o) = 12*o - 3. Let b be p(d). List the prime factors of 3/1*b/7.
3
Let j(s) = s**2 + 6*s - 10. Let r be j(-7). Let p(i) be the second derivative of -2*i**3/3 - 3*i**2/2 - i. What are the prime factors of p(r)?
3
Suppose -m + 1 = 0, 4*i + 0*m - 69 = -m. Suppose v = 2*v - i. List the prime factors of v.
17
Let l(n) = n**2 + 8*n - 5. Let w be l(-9). Suppose -t + w*t = 12. Suppose 0 = -2*a + t*y + 8, 5*a - 4*y - 20 = 0. List the prime factors of a.
2
Let f(i) = i**2 - 4*i - 2. Let m be 2*-2*(-21)/12. List the prime factors of f(m).
19
Let l = -3 - -1. Let r(y) = y**2 - 3*y - 2. Let u be r(l). List the prime factors of -18*(u/(-6) - -1).
2, 3
What are the prime factors of (-3 + 6)/(174/56 - 3)?
2, 7
Let h(g) be the second derivative of g**3/6 + 11*g**2/2 - g. Let m be h(-8). Suppose -5*x = -5*a - 50, m*x + 4*a - 47 - 11 = 0. List the prime factors of x.
2, 7
Let i = 12 + 18. List the prime factors of i.
2, 3, 5
Let t = 6 - 1. Suppose -3*r - 3*b = -30, t*b = 2*r - 1 + 2. What are the prime factors of r?
7
Let l(d) = -4*d + 1. What are the prime factors of l(-6)?
5
Let v = 8 - 11. Let p = 3 + v. Let o = 4 - p. What are the prime factors of o?
2
Suppose -336 = -4*p + 5*z, -z - 3*z + 84 = p. List the prime factors of p.
2, 3, 7
Let j be (0 + 0)/((-8)/4). Suppose 2*f - 2*u + j*u - 40 = 0, 2*f + 3*u - 15 = 0. What are the prime factors of f?
3, 5
Let i(n) = -n**2 - 8*n + 7. Let a(x) = -6*x + 1. Let y be a(1). What are the prime factors of i(y)?
2, 11
Let v(u) = -u**3 - 9*u**2 + 8*u + 9. Let l = 26 + -36. What are the prime factors of v(l)?
29
Suppose 0 = -3*n - j + 7, -5*n - 3*j = -n - 11. What are the prime factors of n?
2
Let m be (-2)/(-6) - 24/(-9). Suppose m*o = -4*l + 35, -5*l = 5*o - 3*o - 35. Suppose 0*d = -4*w + o*d + 4, -5*w - d = -34. What are the prime factors of w?
2, 3
Suppose 3*o - 2*d = -0*d + 101, 4*d = -o + 43. List the prime factors of o.
5, 7
Let d(u) = 4*u - 12. Let i(q) = 5*q - 13. Let f(y) = 3*d(y) - 2*i(y). List the prime factors of f(7).
2
Let d(o) = -o**2 + 6*o - 3. Let k be d(2). Suppose -11 = -g - 5*m, -3*g + k*m + 0*m + 53 = 0. Suppose -x + g = x. What are the prime factors of x?
2
Let c(i) = -i**3 + 7*i**2 - 3*i - 5. Suppose -5*d + 3*s - 2*s + 94 = 0, -5*d + 2*s = -98. Suppose -w + d = 2*w. List the prime factors of c(w).
13
Let c(b) be the third derivative of -b**5/60 + 11*b**4/24 - 5*b**3/3 + b**2. Let n be c(9). Let y = 15 - n. What are the prime factors of y?
7
Suppose 2*z + 3*z = 5*m + 140, -4*m = -z + 37. What are the prime factors of z?
5
Suppose -4*j - 18 = -6, -2*j = -5*c + 1146. List the prime factors of c.
2, 3, 19
Let o = -684 - -1024. List the prime factors of o.
2, 5, 17
Suppose 0*l - 3*l = -6. Let n be 19/l + 2/(-4). List the prime factors of (n/(-4))/((-2)/8).
3
Let g = 5 - 3. Suppose g*j - 7 = 3, -11 = a - 3*j. What are the prime factors of a?
2
Let g(i) = -i**3 - 4*i**2 - i + 1. Let p be g(-4). Suppose 0*s = -p*w - 5*s, -3*w = s. Suppose 5*u - 65 = -w*u. What are the prime factors of u?
13
Suppose 0*u + 4*u = 0. Suppose 4*p - 2*p - 21 = -5*q, 4*p - 4*q = u. Suppose 0 = p*i - i - 16. What are the prime factors of i?
2
Suppose 2*t + 0*t = 5*i - 679, 3*i = 3*t + 402. List the prime factors of i.
137
Let w(u) = u**3 - 8*u**2 + 7*u + 3. Suppose 2*o = 7*o - 35. Let p be w(o). Suppose 0 = p*i - 30 - 3. List the prime factors of i.
11
Suppose 3*d + 2*d - 210 = 0. Let w be (-228)/(-14) - 12/d. Suppose -4*z + w = -64. What are the prime factors of z?
2, 5
Let p = -11 + 14. Suppose 111 + p = 3*y. List the prime factors of y.
2, 19
List the prime factors of ((-1340)/15)/(4/(-12)).
2, 67
List the prime factors of (-750)/(-4) + (-3)/(-6).
2, 47
Let h = 83 - 73. List the prime factors of h.
2, 5
Let p(j) = 8 - 6*j - 2*j**2 + j**2 - 3. Let q be p(-7). Let a(g) = -4*g - 1. What are the prime factors of a(q)?
7
Let s = 0 + 3. Suppose k = a + a + 8, 0 = s*k + 3*a - 15. What are the prime factors of k?
2, 3
Let z(n) = n + 1. Let m(g) = -9*g - 6. Let u(b) = m(b) + 4*z(b). Suppose 0 = -5*t - 2 - 8. What are the prime factors of u(t)?
2
Let d = 61 + -36. Suppose 20 = r - d. What are the prime factors of r?
3, 5
Let r(o) = o + 6. Let z be r(-7). Let w = z + 1. Suppose 2*x + 2*x - 3*q - 12 = w, -5*x - 5*q + 15 = 0. What are the prime factors of x?
3
Let a(y) = -